y s.
29
Let a be (-96)/(-72)*((-9)/(-2))/(-3). Let c = 90 + -41. Calculate the remainder when c is divided by (68/a)/(-2 - 0).
15
Let h be (1 + 4/(-6))/((-3)/(-9)). What is the remainder when 1/1 - 2/h - -9 is divided by 5?
3
Let m = -151 + 182. What is the remainder when m is divided by 16?
15
Suppose -1563 = 3*w - 2067. Calculate the remainder when w is divided by 17.
15
What is the remainder when ((-2)/(-5))/(21/18060) + -4 is divided by 18?
16
Let v(y) = y**2 - 12*y - 123. Calculate the remainder when 369 is divided by v(-7).
9
Let b(z) = 2*z**2 + z - 5. Suppose -3*i = 4*x - 32, i = -0*x - 2*x + 16. What is the remainder when b(4) is divided by x?
7
Let d(u) = u**2 - 47*u - 184. Calculate the remainder when 55 is divided by d(51).
15
Suppose -22*v - 6 = -25*v. Suppose 0 = 5*y - 0*y - 75. Calculate the remainder when 41 is divided by v/(-10) + 228/y.
11
Let k = -10 + 0. Let n(v) = -v**2 - 9*v + 6. Let f be n(k). Let r = f + 14. What is the remainder when r is divided by 4?
2
Suppose -3*i + 14 = p, 4*i + 11 = -p + 24. Calculate the remainder when 60 is divided by p.
9
Let w be -4 + 44/8 + 5/2. Suppose w*i - 2*h + 3*h - 136 = 0, -4*i + 136 = -3*h. What is the remainder when 64 is divided by i?
30
Calculate the remainder when 3021 is divided by 1/((35/189)/5).
24
Suppose 0 = -7*l + 2*l - 2*n + 55, -n = 3*l - 32. Suppose -13 = -3*p - 1. Suppose -6*c + 250 = p*c. What is the remainder when c is divided by l?
7
Let a be 26/(-65) - (-26)/(-10) - -2. Suppose x - r = 16, 0 = x - 3*r - r - 25. Calculate the remainder when -18*(a - 0) + 9 + -5 is divided by x.
9
Suppose -3*o + 2*f = -5*o - 2, 5*f = -4*o - 9. Suppose o*x + 2*d + 46 = 0, -5*x + 5*d = 2*d + 41. What is the remainder when 8 + 0*(-5)/x is divided by 6?
2
What is the remainder when 29 is divided by 1/4 + (-114)/(-24)?
4
Suppose r = 2*c - 7, 3*r - 6*r + 3*c = 6. Suppose 6*v = r*v. Suppose v = -5*n + 6 + 39. Calculate the remainder when 25 is divided by n.
7
Let r be 2/6*2*-3. Calculate the remainder when (r/(-2))/(2/166) is divided by 14.
13
Let t = -26 + 56. Suppose 3*a = t + 6. Calculate the remainder when 35 is divided by a.
11
Suppose -g = 3*g - 5*n - 27, -4*g = 3*n - 3. Let c = -41579 - -41658. What is the remainder when c is divided by (-1)/g + 122/6?
19
Let m(t) be the third derivative of t**6/120 + t**5/6 - t**4/24 + t**3/2 - 4*t**2. What is the remainder when m(-10) is divided by 4 - (0 + 2 + -2)?
1
Suppose -4*q - 4*s + 38 = -q, 0 = 2*q - 4*s - 52. Let f = -3 + 4. Suppose f = -x, -x + 2*x - 203 = -4*o. Calculate the remainder when o is divided by q.
15
Suppose -3*d = n + 14 - 102, 0 = -5*d + 5*n + 120. What is the remainder when d is divided by 5?
3
Let j(b) = -5*b + 5. Let u be j(-2). Suppose u*x + 16 = 14*x. What is the remainder when 238*(x/4)/(-8) is divided by 40?
39
Suppose -16 = -4*v, 3*v - 405 + 63 = -5*j. Calculate the remainder when j is divided by 34.
32
Calculate the remainder when 10 is divided by (-6 + 186/24)*4.
3
Let w = -90 + 103. Calculate the remainder when 25 is divided by w.
12
Let h = -3 - -5. Suppose 46 = 2*i + 4*j, -h*i + 0*i - j + 40 = 0. Suppose -f - 4*f + 5 = c, 0 = 3*c - 4*f - 34. What is the remainder when i is divided by c?
9
Let f be ((-4)/5)/((-1)/60*-4). What is the remainder when 231 is divided by 22 - -3*16/f?
15
Let u be (-1)/(-4) - (-2)/(-8). Let x = 8 + u. Suppose x*t - 12*t = -36. Calculate the remainder when 35 is divided by t.
8
Let r = -14 - -17. Suppose 3*q = r*v - 8*v + 18, 5*q - 4*v = 30. Suppose -3*u - 93 = -q*u. What is the remainder when u is divided by 8?
7
Let g = -44 + 340. Calculate the remainder when g is divided by 13.
10
Suppose 3*y = 2*o - 8, 6*y = 2*y - o + 4. Suppose y*k = 5*k - 20. Suppose 2*a = 2*m + 8, -5*m - 21 + 55 = k*a. What is the remainder when a is divided by 4?
2
Let m(h) = -6*h + 11. Suppose -3*l + 8 = -f - 2*l, -4 = 2*f + 4*l. Let u(o) = o**2. Calculate the remainder when m(f) is divided by u(-4).
15
Suppose -60 = -6*o + 48. What is the remainder when o is divided by 4?
2
Suppose 0 = 41*j - 158 - 1687. Let n = -4 - -6. Let i(t) = 7*t**2 - 3*t + 1. What is the remainder when j is divided by i(n)?
22
Suppose 93 = 5*x - 27. Suppose 39 = 307*u - 304*u. What is the remainder when x is divided by u?
11
Let u be -2 - 41 - (-3 + -1). Let q be (2 + (2 - 2))*-1. What is the remainder when u*q*(-1)/(-3) is divided by 9?
8
Let c be 34/9 - 6/(-27). Let x be (-3 - (-6)/2) + c. Suppose -58 = -3*r + 2*l - 18, -42 = -x*r - 3*l. What is the remainder when 23 is divided by r?
11
Suppose 9*b - 40 - 122 = 0. Suppose -3*h + k + 80 = 6*k, 0 = -4*h + k + 145. What is the remainder when h is divided by b?
17
Let c be (-6)/9*-3 - 0. Suppose -c*s = -3*s + 40. Suppose 88*y - 92*y = -84. What is the remainder when s is divided by y?
19
Suppose 5*m + 4*z - 78 = 0, -13 - 11 = -2*m + 2*z. Suppose -m - 3 = -n. Suppose -x + n = 4. What is the remainder when x is divided by 8?
5
Let o = 1235 + -1153. Calculate the remainder when o is divided by 42.
40
Suppose -2*c + 14 = -6. Calculate the remainder when ((-1254)/(-21) - 1) + (-2)/(-7) is divided by c.
9
Let r = -163 + 215. What is the remainder when 518 is divided by r?
50
Calculate the remainder when (89 - -3)*(1 + 7/7) is divided by 17.
14
Let x(d) = -3*d + 3. Let t be x(1). Suppose 2*v - l + 6 - 19 = t, -5*l + 23 = v. Suppose -3 + v = w. Calculate the remainder when w is divided by 3.
2
Let j(s) = -s + 3. Let u be j(0). Suppose 0*n = u*n + 9. Calculate the remainder when 23 is divided by 1*(-9)/n - -5.
7
Suppose 4*s = -s + 110. Suppose -p + 5*f = -28, -5*p + 3*f = -72 - 2. What is the remainder when s is divided by p?
9
Let g = -289 - -304. Calculate the remainder when 81 is divided by g.
6
Let i(f) = 3*f + 6. Let q(r) = r. Let w(h) = -3*i(h) + 6*q(h). Let y = 97 + -51. Calculate the remainder when y is divided by w(-10).
10
Let n be 14*(-4)/(2 - 10). Suppose n = -2*i - 19. Let v = i + 15. Calculate the remainder when v is divided by 2.
0
Suppose 5*b = 79 + 6. Let o = -5 - b. Calculate the remainder when 43 is divided by 4/o + 101/11.
7
Let x(q) = 15*q**2 + 7*q + 4. Let p be x(-4). Suppose 0*s - 3*s = p. What is the remainder when (s/90)/((-1)/50) is divided by 21?
19
Let k = 280 + -241. Calculate the remainder when k is divided by 12.
3
Let k = 1705 + -1436. Calculate the remainder when k is divided by 46.
39
Let c be 3 + 35/(-10) - 91/(-2). Suppose 3*u = 6*u - c. Calculate the remainder when 30 is divided by u.
0
Let t = -99 - -103. Calculate the remainder when 4*12/64*12 is divided by t.
1
Suppose 47 = z - 1. Suppose -z = k - 5*k. Let c = k + 8. What is the remainder when c is divided by 7?
6
Suppose 5*f + 94 = 7*f - 5*d, 54 = f + d. Calculate the remainder when 85 is divided by f.
33
Suppose -531*u + 518*u + 975 = 0. Calculate the remainder when u is divided by 38.
37
Let a = -57 + 68. Let t = 8 + a. What is the remainder when 72 is divided by t?
15
Let x(g) = -55*g**3 + 2*g**2 - 1. Let v(i) = -i**2 + 6*i - 6. Let p be v(5). Calculate the remainder when x(p) is divided by 20.
16
Let i(v) = -5*v + 1. What is the remainder when i(-3) is divided by (5 - -1 - 1) + -3?
0
Let d = 195 + -114. What is the remainder when d is divided by 12?
9
Let c be -1 + 1 - (-36)/(-4). Suppose g - 21 = -2*g. What is the remainder when g is divided by c + 6 - (-1 + -6)?
3
Let j be 1/2 - 1/2. Suppose 0 = 15*x - 26*x + 33. Suppose -2*m + x*m - 6 = j. Calculate the remainder when 15 is divided by m.
3
Suppose -2062 = -9*p + 872. Calculate the remainder when p is divided by 47.
44
Suppose -4*j - 2*o = j - 21, 0 = 2*j - 5*o - 20. What is the remainder when 313 is divided by j?
3
Suppose -7*c + 597 = 499. Suppose 0 = -2*y - 4*z + 8, y + 3*z - 7*z - 10 = 0. What is the remainder when c is divided by y?
2
Let k = 154 + -107. What is the remainder when 158 is divided by k?
17
What is the remainder when (-1570)/(-2)*(-9)/(-45) is divided by 45?
22
Suppose -15 = -j - 4*y, 31 = -0*j + 3*j + 5*y. What is the remainder when 9/(-12) + ((-236)/(-16) - 1) is divided by j?
6
Suppose -4*g + 744 = -2*l + 3530, 4206 = 3*l + 3*g. What is the remainder when l is divided by 7?
6
Let x(j) = -5*j**3 - 2*j**2 - 3*j - 1. Let r be x(-1). Suppose -r*f + d = 4*d - 75, 20 = -4*d. What is the remainder when 48 is divided by f?
12
Let d be (-